 be i(-5). Suppose -g - 3*r = -y*g - 29, 3*r - 1 = g. Let c = 13 + g. What is the units digit of c?
6
Let u = -5 + 18. What is the tens digit of (1/(-1) + u)*4?
4
Let a(q) = 22*q**3 + 2*q**2 - 1. Let d be a(-1). Let o = 76 - 41. Let r = d + o. What is the tens digit of r?
1
Let s(i) = -218*i**3 + 4*i**2 + 4*i - 3. What is the units digit of s(-2)?
9
Let b be (5201/14)/(1/2). Suppose -2*p - b = -3*r, -3*r + 988 = r - 4*p. What is the units digit of r?
9
Suppose 0 = -y - 5*m + 492, y + 3*m - 208 = 290. What is the units digit of y?
7
Suppose 5*i - b + 4 = -3, -4*b = i + 14. Let k be i + 7 + -3 - 9. Let v(d) = d**3 + 6*d**2 - 12*d - 12. What is the units digit of v(k)?
3
Suppose 0*n + 3*l = 3*n + 18, 16 = -2*n + 4*l. What is the tens digit of 79*(-4 + 3)*-1 + n?
7
What is the units digit of 4/30 + 1*102991/105?
1
Let y be -2*(-3)/(-6) + 83. Let b(u) = 7*u**2 - 2. Let c be b(-1). Suppose -4*d + 2*v = -42 - 26, -4*d - c*v = -y. What is the tens digit of d?
1
Let l(c) = c**2 - 6*c + 4. Let d be l(5). Let g(j) = -9*j**2 - 21*j**3 + j - 6*j**2 + 16*j**2. What is the tens digit of g(d)?
2
Suppose 0 = 9*i - 13*i + 384. Suppose 3*j - i = g - 2*g, 5*g - 498 = 3*j. What is the tens digit of g?
9
Let r = -15 + 20. Let l(i) = i**3 + 10*i**2 - 8*i - 11. Let t(d) = -d**2 + 1. Let z(p) = r*t(p) + l(p). What is the units digit of z(-5)?
4
Let n be (-38)/(-20)*-2*-5. Let j = -16 + n. Suppose 2*v - 62 = -0*u - 5*u, j*v = 3*u + 51. What is the units digit of v?
1
Let c(y) = -291*y - 1192. What is the thousands digit of c(-25)?
6
Let d be (5/2)/(2/(-16)). Let s = d + 20. Suppose -7*v + 2*v + 240 = s. What is the units digit of v?
8
Let d = 5 + 2. Suppose -d - 3 = -5*u. Suppose -u*h + 9 = 4*j - 19, 2*j = h - 34. What is the units digit of h?
4
Let o(c) = 38*c**2 - 2*c + 32. What is the hundreds digit of o(6)?
3
Let p be 7/2 - (-21)/14. Suppose -3*v = v - a + 19, p*v + 2*a = -27. What is the tens digit of (-2)/(-3)*(-285)/v?
3
Suppose -2*x + 10*z - 5*z = -46, 3*x - 50 = -2*z. Let t be 3/x - (-1090)/12. Suppose 0 = -4*k - 0 - 4, -3*b + t = 5*k. What is the tens digit of b?
3
Suppose -92*o = -120*o + 22988. What is the tens digit of o?
2
Suppose 5*y + 1368 = 6303. What is the units digit of y?
7
Let p(l) = 10*l**2 - 6*l - 1. Suppose 4*x = -x + 15. What is the units digit of p(x)?
1
Suppose 0 = 10*k - 2*k - 3152. What is the tens digit of k?
9
Let w be (-2)/(4/(20/(-5))). Suppose 5*l + 67 = -0*o + o, 2*o - w*l = 142. What is the units digit of o?
2
Let v(g) = 6 - 2*g**2 + 0 - 41*g**2 - 5. Let a be v(-1). Let q = -27 - a. What is the units digit of q?
5
Suppose 0 = 4*f - 5*c + 5, f + 1 = -3*f + c. Suppose -2*k + f*k = 0. What is the tens digit of 13 - (k + (0 - 2))?
1
Suppose -7*d = -2*d - 1460. Let t = d - 188. What is the hundreds digit of t?
1
Let n(q) = -q**3 + 3*q**2 + q + 2. Let z = 20 + -24. Let w be n(z). Suppose -w = -m - m. What is the tens digit of m?
5
Let h = 847 - 590. What is the units digit of h?
7
Suppose 0 = m - 5*m - 2*c + 628, -2*m = -3*c - 306. Suppose 0*d - m = -2*d. What is the units digit of d?
8
Let f(q) = -22*q**2 - 2*q - 2. Let v be f(-2). Let n(x) = -3*x**2 + 11*x + 45. Let s be n(-6). Let g = v - s. What is the units digit of g?
3
Let b = 5 + 484. What is the hundreds digit of b?
4
Suppose -219089 + 37604 = -109*f. What is the tens digit of f?
6
Let m(y) = -3*y**2 - 4*y - 16. Let i(w) = -4*w**2 - 5*w - 19. Let s(t) = -4*i(t) + 5*m(t). Let p be 2/(-5) + 18/(-5). What is the tens digit of s(p)?
1
Suppose -2*r - 40 = 4*s - 9*s, 0 = -4*s + 2*r + 34. Suppose 0*j - 78 = -s*j. What is the units digit of j?
3
Suppose -994 = -4*y - 90. Suppose -4*o + 4*m - m = -434, 0 = 2*o + 3*m - y. Suppose 4*g = o - 10. What is the units digit of g?
5
Let n(t) = 2*t - 19. Let p be n(-6). Let m = p + 37. Let j(h) = 2*h + 17. What is the units digit of j(m)?
9
Let b = 222 - 38. Let o = b + -109. What is the tens digit of o?
7
What is the tens digit of (0 - (-1518 - -8)) + -5?
0
Let j be -3 - -7 - (23 + 3). Let z = -19 - j. Suppose 2*v - z*p - 68 = -0*p, -4*v + 156 = -p. What is the units digit of v?
0
Let q(x) = -23*x**3 - 3*x**2 + x - 2. What is the units digit of q(-3)?
9
Let k = 843 - 488. Suppose k = -5*s - 15. Let u = s + 116. What is the tens digit of u?
4
Suppose -742 - 110 = 3*l. Let p = -84 - l. What is the tens digit of p/14 - 4/14?
1
Let i(m) = -m**2 + 3*m - 2. Let n be i(2). Suppose -2*c + 3*c + 63 = j, -5*j - 2*c + 287 = n. What is the tens digit of j?
5
Let l = -807 + 1184. What is the units digit of l?
7
Let t(g) = 4*g**2 - 10*g - 123. What is the hundreds digit of t(13)?
4
Suppose 2123 = 2*g + a + 811, -3*g + 4*a + 1957 = 0. What is the hundreds digit of g?
6
Let w(a) = -316*a - 1. Let g be w(-1). Suppose -g = f - 6*f. Suppose 3*j + 3*m = f, -4*m + 67 = 3*j - 0*j. What is the tens digit of j?
1
Let x = 178 + 81. What is the hundreds digit of x?
2
Suppose -33*r + 107872 = -30035. What is the thousands digit of r?
4
Suppose -17*l = -21417 - 1465. What is the tens digit of l?
4
Suppose -66*f = -146109 - 13677. What is the thousands digit of f?
2
Let f = -40 - -57. Suppose v = -f + 108. What is the units digit of v?
1
Let z = 46 + -32. Let l = 26 - z. What is the units digit of l?
2
Let d(n) = 26*n**2 + 10*n + 3. Let k(u) = 26*u**2 + 10*u + 3. Let r(v) = -3*d(v) + 4*k(v). What is the tens digit of r(-2)?
8
Suppose x = 3*p - 0*x - 17, 2*x = 3*p - 16. Let j(z) = 2*z**3 - 12*z**2 - z + 8. Let t be j(p). What is the units digit of 56 + (-2*3)/t?
3
Let h = -11 - -15. Let v(k) = 8*k**2 + 36*k - 149. Let m be v(4). Suppose -m = -h*c + 33. What is the units digit of c?
9
Suppose m = 2*q, -m + 2*q = -2*m + 4. Suppose -68 = -m*l - 26. What is the tens digit of l?
2
Suppose -o + 3*i + 17 = o, 2*o - 4*i = 20. Suppose -10*d - o = -6*d. Let y = d - -12. What is the units digit of y?
1
Suppose -n + 2 + 0 = 0. Suppose -o + n*o - 5 = 0. Suppose 10 + o = 5*i. What is the units digit of i?
3
Suppose -53*x = -56*x + 3960. What is the units digit of x?
0
Let q(i) = -i + 5*i**2 + 9*i**2 + 9 - 5*i**2 - i**3. Let m be q(8). What is the tens digit of (-10)/m + (-810)/(-26)?
3
Let i = -1603 - -2594. What is the units digit of i?
1
Let n(q) = 4*q - 7. Suppose -4 = 2*z - 70. Suppose -4*d + 22 = 2*u, -3*u - 8 = -2*d - z. What is the units digit of n(u)?
9
Suppose 7*a - 6633 = 3391. What is the tens digit of a?
3
Let j(n) = -n**2 - 14*n - 40. Let y be j(-9). Suppose -276 = y*a - 7*a. What is the hundreds digit of a?
1
Suppose -14*l + 19*l = 1625. What is the units digit of l?
5
Let o(y) = -y**2. Let m be o(-2). Let b(c) = 11*c + 7. Let w be b(-3). Let h = m - w. What is the tens digit of h?
2
Let x(s) = 4*s + 145. What is the units digit of x(-35)?
5
Suppose -5*j + 15 = -2*j, -j + 10 = -5*l. What is the hundreds digit of (l - 1)*(-52 + 3 + -3)?
1
Let d(u) = u**2 - 9*u - 20. Let g be d(9). Let t = 19 - g. What is the units digit of t?
9
Let a(z) = -34*z**2 + 1. Let f be a(-1). Let q = f - -78. Let c = 67 - q. What is the tens digit of c?
2
Let c be ((-18)/(-45))/((-2)/40). Let m be 2*(2 + (-11)/(-2)). Let a = m + c. What is the units digit of a?
7
Let q be (-1)/(-1 + (-18)/(-16)). What is the tens digit of (2*q/5)/(1/(-5))?
1
Let d be (0/(6/2))/1. Suppose -q - 42 + 182 = d. What is the tens digit of q?
4
Let v = 115 + -71. Suppose v*d = 39*d + 315. What is the units digit of d?
3
Let w = 40 + -38. Suppose -g - 5*r - 201 = -4*g, w*r - 242 = -4*g. What is the tens digit of g?
6
Let q be (-2)/5 - (44/(-10) + 4). Suppose q = b - r + 4*r - 95, -2*r = 5*b - 514. What is the hundreds digit of b?
1
Suppose 1588 = 6*o - 1256. What is the tens digit of o?
7
Let w be (4/5)/((-40)/(-100)). What is the units digit of 3/w*148/3?
4
What is the hundreds digit of (-24*102)/(7/14*-3)?
6
Let v(f) = 7*f**3 - 3*f**2 + 13*f + 19. What is the thousands digit of v(7)?
2
Suppose 1 = 3*l - 17. Let c(k) = -k**2 - 5*k**2 + 8 + k**3 + 0. What is the units digit of c(l)?
8
Let z(c) = -2*c**2 - 8*c + 5. Let t be z(-13). Let g = -122 - t. What is the units digit of g?
7
Let b be (-32)/10 - 7/(-35). Let v(q) = q**3 + 4*q**2 - 3*q - 5. Let i be v(b). Suppose j = 11 + i. What is the tens digit of j?
2
What is the units digit of (-4 - 39)/((-7)/238)?
2
Let s = 716 - 598. What is the hundreds digit of s?
1
Suppose 3*n